Is 81855271 a composite number?
True
Is 416791 composite?
True
Is 152449753 a composite number?
True
Is 28171153 composite?
False
Is 2258519 composite?
False
Is 23081347 a composite number?
False
Is 141866653 a composite number?
False
Is 330834103 a composite number?
True
Is 35918845 composite?
True
Is 5182597 a composite number?
True
Is 8745311 composite?
False
Is 252383 prime?
True
Is 2468261 prime?
True
Is 3058187 a prime number?
False
Is 22356221 a composite number?
True
Is 376426733 composite?
True
Is 41281 a composite number?
False
Is 3914387 a prime number?
True
Is 387544601 composite?
True
Is 47384633 a prime number?
True
Is 28001827 composite?
True
Is 880439 a prime number?
False
Is 22777001 prime?
False
Is 339554213 a prime number?
False
Is 144146297 a prime number?
True
Is 11920789 a prime number?
True
Is 4405493 a composite number?
False
Is 39027551 a composite number?
False
Is 2264027 composite?
False
Is 9675401 composite?
True
Is 232920727 composite?
True
Is 4836445 a prime number?
False
Is 584429 a composite number?
False
Is 7950427 prime?
False
Is 164347 a prime number?
False
Is 5830322 composite?
True
Is 31006693 a prime number?
False
Is 9790467 a prime number?
False
Is 2343901 composite?
True
Is 4220738417 a composite number?
True
Is 65822473 a composite number?
True
Is 41389109 a prime number?
False
Is 20139929 a composite number?
False
Is 24319117 prime?
True
Is 9551 prime?
True
Is 16325557 prime?
True
Is 133223 a composite number?
True
Is 33882851 a prime number?
False
Is 357187 prime?
False
Is 1618 composite?
True
Is 141960173 a prime number?
True
Is 83875853 a composite number?
True
Is 2524531 prime?
True
Is 6541877 composite?
False
Is 692215193 a prime number?
False
Is 4214117 a prime number?
True
Is 928489 a composite number?
True
Is 33492971 a composite number?
False
Is 23292869 a composite number?
True
Is 27341011 a prime number?
True
Is 10213999 prime?
True
Is 1664779 composite?
True
Is 11433311 a composite number?
False
Is 1872419 a prime number?
True
Is 10047491 composite?
True
Is 45913459 a composite number?
False
Is 10914899 a composite number?
False
Is 62064209 composite?
True
Is 62035003 a composite number?
False
Is 60883493 prime?
False
Is 5695439 prime?
True
Is 6880859 a composite number?
True
Is 61083331 a prime number?
False
Is 2916241 a prime number?
True
Is 3115018 prime?
False
Is 373342363 prime?
False
Is 82929823 prime?
False
Is 1617389 a composite number?
True
Is 613045 a prime number?
False
Is 2159609 a prime number?
True
Is 427503 a prime number?
False
Is 7034909 a composite number?
True
Is 2893477 a composite number?
False
Is 514710899 prime?
True
Is 48992341 composite?
False
Is 102353047 prime?
False
Is 3003323 composite?
False
Is 4789517 prime?
True
Is 4152197 prime?
False
Is 167041379 a composite number?
True
Is 7073069 a composite number?
False
Is 118493209 a prime number?
True
Is 10595813 a prime number?
False
Is 1967891 composite?
False
Is 428651 a composite number?
True
Is 143763733 composite?
False
Is 21546457 a composite number?
True
Is 8687729 prime?
True
Is 5028887 composite?
True
Is 737017 prime?
True
Is 29118367 prime?
True
Is 2637083 a composite number?
False
Is 1313423 composite?
False
Is 19328665 a prime number?
False
Is 2020565 a composite number?
True
Is 39815821 a prime number?
False
Is 981841 composite?
True
Is 389534 a prime number?
False
Is 137343047 prime?
True
Is 25227347 a composite number?
True
Is 106242817 a composite number?
False
Is 2080501 prime?
True
Is 378492549 prime?
False
Is 25272881 prime?
True
Is 6086807 prime?
True
Is 7626727 a prime number?
False
Is 444832393 prime?
False
Is 13705997 a prime number?
True
Is 8891143 a prime number?
False
Is 572885557 prime?
True
Is 9129629 a prime number?
False
Is 85541 a composite number?
True
Is 12521819 prime?
False
Is 360761111 prime?
False
Is 2249141 a prime number?
True
Is 1159381 a prime number?
True
Is 7332623 prime?
False
Is 41507549 a composite number?
True
Is 3350047 a prime number?
False
Is 667669391 prime?
True
Is 22095809 composite?
False
Is 3196087 a composite number?
False
Is 89470097 a composite number?
False
Is 143406427 prime?
True
Is 24222173 prime?
True
Is 999083 a composite number?
False
Is 12438671 composite?
True
Is 4806283 prime?
True
Is 539437937 composite?
False
Is 454213613 prime?
False
Is 83833283 composite?
True
Is 71628949 a prime number?
False
Is 1215017 prime?
True
Is 7746647 a composite number?
True
Is 6227395 a prime number?
False
Is 15779119 prime?
True
Is 4804937 a prime number?
True
Is 4567463 composite?
True
Is 54693997 a composite number?
False
Is 3641411 composite?
True
Is 1336091 a composite number?
False
Is 139619 a composite number?
False
Is 31386529 a prime number?
True
Is 10161209 a composite number?
False
Is 50783599 composite?
True
Is 4947251 a composite number?
False
Is 592706 a prime number?
False
Is 326435 a prime number?
False
Is 2282321 prime?
True
Is 1236979 a composite number?
False
Is 2674169 composite?
False
Is 1579297 a prime number?
True
Is 29562563 composite?
True
Is 86393863 composite?
True
Is 16659707 composite?
False
Is 431348503 prime?
False
Is 3627097 composite?
False
Is 58429533 composite?
True
Is 11652689 composite?
False
Is 537468383 a prime number?
False
Is 6394313 a prime number?
True
Is 1335809 a composite number?
True
Is 1526207 composite?
True
Is 63316133 a prime number?
True
Is 1392478 a composite number?
True
Is 501951 prime?
False
Is 74282287 prime?
False
Is 2347769 a prime number?
False
Is 36508694 a prime number?
False
Is 145293119 prime?
False
Is 212497 composite?
True
Is 70780763 a composite number?
False
Is 67815911 a prime number?
False
Is 5121157 prime?
False
Is 68636983 composite?
True
Is 433457503 prime?
True
Is 10292393 a prime number?
False
Is 1862087 a prime number?
True
Is 6599741 composite?
True
Is 27074987 prime?
True
Is 154604189 composite?
False
Is 4546573 a prime number?
True
Is 899468117 composite?
False
Is 294129749 prime?
False
Is 9886937 prime?
True
Is 132155741 a composite number?
False
Is 53487605 a prime number?
False
Is 147997 a prime number?
True
Is 4179289 composite?
False
Is 100132213 composite?
False
Is 37157151 a prime number?
False
Is 3645227 a composite number?
False
Is 2997437 a prime number?
False
Is 646669 composite?
False
Is 1379921 prime?
False
Is 275251 prime?
True
Is 12912299 composite?
True
Is 104070667 prime?
True
Is 5702401 a composite number?
False
Is 40197497 composite?
False
Is 189603749 composite?
False
Is 41619257 composite?
True
Is 3540203 composite?
False
Is 3006611 prime?
False
Is 16478659 a prime number?
True
Is 37302077 a composite number?
False
Is 10883503 prime?
False
Is 538457 a prime number?
True
Is 665351 a composite number?
False
Is 20460787 a prime number?
False
Is 113030029 composite?
True
Is 3248323 composite?
True
Is 1121765455 a composite number?
True
Is 8545423 a composite number?
True
Is 626113 prime?
True
Is 2399167 composite?
False
Is 48265609 composite?
True
Is 387529 a prime number?
True
Is 2785813 prime?
True
Is 7003657 composite?
False
Is 31730815 composite?
True
Is 192943 composite?
True
Is 785839 a composite number?
False
Is 8376619 composite?
False
Is 3261637 a composite number?
True
Is 535338751 a composite number?
False
Is 48594167 prime?
True
Is 1739494 prime?
False
Is 7310959 a composite number?
False
Is 22399501 a composite number?
True
Is 8992483 a prime number?
True
Is 50791717 a composite number?
True
Is 34111601 a prime number?
True
Is 1754699 a prime number?
True
Is 18983123 prime?
False
Is 673634139 a prime number?
False
Is 28444991 composite?
True
Is 1340237 a prime number?
True
Is 8903909 prime?
False
Is 78452993 prime?
True
Is 8829593 prime?
False
Is 655146017 prime?
False
Is 271607377 prime?
False
Is 50685779 composite?
True
Is 12902117 a composite number?
False
Is 4188649 a composite number?
False
Is 49355399 a prime number?
True
Is 992513 composite?
False
Is 101852209 prime?
True
Is 495045373 a prime number?
True
Is 214672391 prime?
False
Is 7831039 prime?
True
Is 39099089 composite?
False
Is 2787973 a composite number?
True
Is 197007401 composite?
False
Is 1173353 a composite number?
True
Is 36523129 a composite number?
False
Is 53865199 composite?
False
Is